valuate -17 + (16 - 5) + 2 + (-1 - -3).
-2
Evaluate ((11 - 8) + -2 - -8) + 1.
10
What is (1 - 3) + (-14 + 11 - 1)?
-6
What is the value of 1 - 12 - (-12 - (-6 - 1))?
-6
Evaluate -24 - (-12 - -13 - 24).
-1
What is -10 - ((-9 - 6) + 3)?
2
What is the value of (12 + -16 - -6) + -4 + (2 - 2)?
-2
8 - 0 - (-12 + (-7 - -27) - 16)
16
Evaluate (-1 - 0) + (-12 + 11 - 3).
-5
Calculate -2 + 0 + -7 - (54 + -4 + -61).
2
What is the value of 8 - (17 - (0 - (-2 - (-1 - 4))))?
-12
What is (-5 - (9 + -9 - -1)) + 7?
1
17 + (-24 - ((-15 - -13) + -3))
-2
What is -1 + 7 - 6 - -11?
11
Calculate -8 + -10 + 7 - -23.
12
What is (-15 - (0 - 0)) + (2 - 20) + 25?
-8
Evaluate 9 + (5 - 12 - 4).
-2
3 + 2 + (15 + -4 - 2) + -16
-2
Calculate (8 - -2) + (90 - 81).
19
-46 - -64 - (29 - 1)
-10
What is the value of -27 + 9 + 8 - (-3 + (-42 - -2))?
33
What is the value of -10 - ((6 - 11) + 5 + 1)?
-11
Evaluate -10 + 12 + -26 + 60.
36
What is the value of 2 + -7 - (-5 + -5 - -10)?
-5
Evaluate 22 + (-27 - (16 + -29)) - (7 - 0).
1
-40 + (-16 - -67) + 14
25
What is the value of 17 + (-2 - 0) + 45 + -42 + -11?
7
What is the value of -8 + (20 + 8 - 4)?
16
What is 13 - -1 - (-44 + 49)?
9
What is the value of -12 + (9 - -33) - 19 - (5 + -1)?
7
What is (-22 - (-3 - (10 - 5) - -10)) + 5?
-19
What is the value of -19 + 56 + (-36 - -18) - 0?
19
Calculate 1 - ((55 + -59 - (3 + 1)) + 12).
-3
What is the value of 14 - (2 + -14 + 30)?
-4
Evaluate (1 - -6 - 1) + 5027 + -5061.
-28
Evaluate (2 - (2 - 2) - 0) + (-128 - -113).
-13
What is the value of 24 + -44 - (-7 - 19)?
6
Calculate 4 - ((-5 - -2) + -3) - (4 - 5).
11
Calculate (17 - 3 - 1) + -17 + (-3 - 1).
-8
-128 - -128 - (-6 + 0)
6
Evaluate (2 - 9) + (-3 - -1) + 1 + 6.
-2
What is -1 + 23 + (-6 - -4 - -3 - 8)?
15
What is (-2 - -17 - 20) + 1 + 11?
7
Evaluate 0 + -1 + 1 - (-13 - (-15 + -3)).
-5
26 - (-4 + -31 - -78)
-17
What is the value of -1 + -20 + -14 + 23?
-12
Calculate 6 + (2 - 14) - (-3 + -20).
17
Evaluate 11 - ((-26 - -4 - -8) + 52).
-27
Evaluate -13 + 3 + -1 + -28 + 44 + 9.
14
What is the value of (2 - -2 - 10) + (-62 - -65)?
-3
What is -117 - -104 - (-11 - -2)?
-4
53 + -2 + -26 + -25
0
Calculate 11 - ((-1 - (2 - 8)) + (-20 - -16)).
10
What is the value of -5 + (-10 - (-6 + (-2 - 45)))?
38
Calculate 4 + (-17 - -3) + -6.
-16
Evaluate 44 + -34 + (0 - 4) + -4 + 14.
16
(0 - 2) + -77 + 23 + 53
-3
What is (-2 - 6) + (13 - -3) - 1?
7
Evaluate -1 + (6 - (-11 - 9 - -34)).
-9
Evaluate -14 + (11 - 2) - (-4 + -5).
4
Evaluate -9 + -2 - (-16 + -4 + 6 + 4).
-1
What is -13 - (-33 - (0 - 32))?
-12
Calculate -30 + 4 + 11 + -16 + (2 - -1).
-28
Evaluate -7 + -5 + 11 + 14 - 5.
8
What is the value of -7 + (0 + 9 - 11) - -4?
-5
-36 - (-12 - (-16 - -31))
-9
What is 4 + 13 + -6 + (-7 - -15)?
19
What is the value of 30 + -20 - (8 - 8 - -24)?
-14
(33 - 42) + (1 - -1) + 14
7
What is (1 - 8 - (-18 + 23)) + 2 + 4?
-6
What is (16 - 4 - (100 - 94)) + (-29 - 0)?
-23
(21 - (40 - 0)) + 35
16
(-2 - -1) + 5 + 0 + 0 + 8
12
What is 1 - 12 - (2472 - 2464)?
-19
-13 - (-7 + 3) - (3 + (-14 - 23))
25
-9 - (1 + -4 + -11 + (-1 - -4))
2
Calculate 45 - 85 - -52 - (-1 - -16).
-3
-11 - (1 + (2 - -5 - 11))
-8
Calculate ((-1 - -14) + -11 - (6 - -1)) + 17.
12
What is the value of -30 - (-2 - -2) - ((-2 - 0) + -5)?
-23
Calculate (4 - -1 - -17) + 0 + -6 + 5.
21
Calculate (-4 - -18) + 5 + (8 + 0 - 9).
18
What is -456 + 446 - (0 - 25)?
15
What is the value of 0 + 12 + (-5 - -7 - 34)?
-20
Evaluate 1 + 8 + -1 - (7 - (-29 - -27)).
-1
What is (-9 - -11) + 1 + -5 + 10?
8
8 - 2 - (-2 + (0 - 2 - -9))
1
What is -29 + (32 - (-20 + 28 - -7))?
-12
Evaluate 26 + -2 + 14 + (-3 - (-2 + 15)).
22
What is the value of -13 + -13 + 23 + 3?
0
Calculate 9 + 4 + -2 + -10 + 2 + -24.
-21
What is 0 + -19 + -7 + -5 + 23 + 4?
-4
Evaluate -79 + 72 + -6 + 1.
-12
What is the value of (18 - 33) + 1 - (-4 - 2)?
-8
Evaluate -50 - -74 - 43 - (2 - -13).
-34
(-1 - -8) + 2 - (11 - -5)
-7
What is the value of -1 + 14 + -1 + -2 + (-91 - -98)?
17
(-6 - -3) + -5 + 3 - -16
11
What is the value of 24 - (-6 + -9 - (-11 - -6))?
34
Evaluate -12 + 0 + -16 + 3 + -6 + 11.
-20
Evaluate (25 - (5 - -16)) + 9 + -2 + 0.
11
What is the value of (12 - 42) + (5 - ((1 - -4) + -5))?
-25
What is -7 + 3 + 7 + (-3 - (1 + 6))?
-7
What is the value of 4 - ((7 - 1) + (-158 - -155))?
1
Calculate 1 - ((-7 - (-7 - (10 + -4))) + 7).
-12
What is -59 + (23 - 16 - -25)?
-27
14 - 16 - ((7 - 10) + -6 + -13)
20
What is (0 - 23) + -5 + (8 - -4)?
-16
What is the value of 2 + (-6 + 16 - 28)?
-16
Evaluate 7 + -5 + -4 + -9 + -1.
-12
What is the value of 0 + 7 - (-42 - -34)?
15
Evaluate -5 + 3 + -3 + (286 - 279).
2
(-53 - -76) + (-27 - 9)
-13
What is the value of (-25 - -2) + (492 - 468)?
1
What is -15 - (-3 + (7 - 1)) - -6?
-12
-12 - (-72 + 2 + 29)
29
2 + -11 + (11 + -11 - -11)
2
Calculate -3 + (-12 - 4 - -6).
-13
What is the value of (-5 + 4 - 19) + (2 - (-6 + 4))?
-16
Calculate 1 + 0 + 6 + 7 + -11 + -4.
-1
Evaluate (0 - (-2 + 20)) + 21.
3
What is the value of (3 - (-2 - -10)) + (11 - 4)?
2
0 + 1 + (1 - -12) + -25 + 14
3
11 + 0 - ((-4 - -27 - 21) + -6)
15
Calculate -25 - -16 - (-7 + 0 + -6 + 10).
-6
What is -2 + -8 - -2 - (410 - 452)?
34
13 + 11 + 2 + -19 - (1 - 4)
10
What is the value of 14 - (36 + 2 - (-51 + 51))?
-24
What is the value of -5 + -3 + (-2 + 2 - (-6 - -5))?
-7
-18 + (10 - -8) + -3 + 0 - -7
4
What is -1 - -26 - (6 + 13)?
6
What is -12 - (-3 - -10) - (-22 - -36)?
-33
(15 + -8 - (32 - 9)) + (9 - 8)
-15
Evaluate 6 + (-16 + 23 - (6 + 0) - 0).
7
Calculate (-10 + 12 - -2) + (-3 - 1).
0
20 + (-14 - (-14 + 26 - 24))
18
8 + 7 + -21 + 18
12
Evaluate (3 - (-8 + 4 + 8)) + -1 + 19.
17
5 + 2 + (-9 - 3 - (-10 - -4))
1
What is the value of 27 + -10 + -7 + 0?
10
Calculate 2 + 6 - (0 + (-2 - -7)) - 8.
-5
What is 10 - (9 - -4 - 10) - (-1 - 4)?
12
What is -9 + 0 - (0 - 1) - 1 - -3?
-6
Evaluate 2 + 1 + -4 + (13 - 3) + -16.
-7
What is -45 + -10 - (-6 + -33)?
-16
7 + -5 + (-2 - -21) + -27
-6
Calculate 6 - ((7 - 34) + 24).
9
What is 22 + -24 - (2 - (0 - -12 - 0))?
8
What is the value of 4 + (-40 - -18 - -3)?
-15
Evaluate -16 - (22 - 55 - -15).
2
What is -5 - (0 + 2 + (-45 - -37))?
1
Calculate (11 - 2 - 0) + (214 - 211) + 6.
18
Calculate 20 + (2 - (25 + -20)).
17
214 + -202 - (-10 - (0 - 3))
19
(5 - -4) + -1 + -9 + 8
7
Calculate 21 + -83 - (9 + -23) - -12.
-36
Evaluate 6 + 2 + -3 + 2 + (30 - 36).
1
What is the value of -6 + -1 + (29 - (-25 + 57)) - 11?
-21
Evaluate (-8 - -7 - -6 - (-2 - -2)) + 5.
10
What is -93 + 83 - (-4 + -11 + -4)?
9
What is the value of -3 + 32 + -23 - 19?
-13
Evaluate 2 + 1 + (-19 - -19) + 8 - 5.
6
What is the value of -4 + (-1 - (7 + 3 + -5)) - 3?
-13
What is 13 - 1 - (-350 + 350)?
12
Calculate -10 - (-17 + -4 - -3).
8
What is 6 + -9 + (-6 - 3 - -1)?
-11
What is the value of -29 + (38 - -1) + 5?
15
What is the value of -2 - (2 - (-4 - (1 - 4)) - -10)?
-15
Calculate -1 + 3 + -1 + 29 + (-42 - -34).
22
Evaluate -32 + 7 + -11 + -2 + 19.
-19
28 - (-2 - 0 - (-16 + 13 - -2))
29
What is 16 + 1 + -17 + -2 + 2 + -7?
-7
Calculate 4 - (-1 - 0) - (76 + -77) - -3.
9
What is the value of 1 - 18 - (-9 - 2)?
-6
What is the value of -24 + -29 + 30 + 17?
-6
Evaluate 11 - (4 - (8 + 9)).
24
64 + -51 - (0 - (1 + -5))
9
What is the value of -2 + 5 + (-2 - 11 - -9)?
-1
What is 16 + (-25 - 14) - -24?
1
What is the value of -5 + (9 - 6) + (7 - (2 - -5))?
-2
1 + -2 + (-11 - (3 - 3))
-12
What is 17 - (-21 + -18 + 50)?
6
Evaluate (26 - 2) + (-261 - -218).
-19
What is the value of 16 + 0 + (-11 - (-12 - -8)) - 1?
8
Evaluate -15 - (4 + (3 - 18)).
-4
What is 6 + (-2 - ((4 - -3) + 0)) + 2?
-1
16 + (-15 - -10) + -14
-3
Calculate 24 - 8 - 12 - (6 + -2).
0
(7 - 5) + (3 - 1) + -65 + 39
-22
-15 + -1 + -204 + 199
-21
What is the value of -120 + 107 - (0 + -3)?
-10
Evaluate -4 - (15 + -22 + -9).
12
(-24 - -34) + 12 - (-1 - 0 - -4)
19
Calculate (-42 + 18 - (-4 + (0 - -2))) + 7.
-15
What is the value of -7 + -1 - (-38 - (-67 + 8))?
-29
What is the value of -20 + 5 + (20 - 37) + 21?
-11
Evaluate 28 - 2 - 4 - 13.
9
What is -28 + (5 - (12 - 12) - (1 + 1))?
-25
What is the value of 2 + -3 + -11 - (125 - 67 - 48)?
-22
Calculate (-6 + -5 - 3 - -4) + 20.
10
Calculate -4 + 0 + 2 + (-3 - -2).
-3
Evaluate -11 + 11 - (11 + (11 - 8)).
-14
-2 + -5 + (7 + 0 - 3) - -5
2
(0 - -1 - 1 - 21) + -797 + 790
-28
What is 5 